{"id":2045,"date":"2016-10-03T22:38:37","date_gmt":"2016-10-03T22:38:37","guid":{"rendered":"https:\/\/nueva.amautores.com\/?page_id=2045"},"modified":"2017-03-25T10:54:26","modified_gmt":"2017-03-25T10:54:26","slug":"condiciones-generales","status":"publish","type":"page","link":"https:\/\/nueva.amautores.com\/?page_id=2045","title":{"rendered":"Condiciones Generales"},"content":{"rendered":"<h1 style=\"text-align: center;\">CONDICIONES GENERALES<\/h1>\n<p style=\"text-align: justify;\">De acuerdo con lo establecido en el art\u00edculo 10 de la Ley 34\/2002, de 11 de julio, de Servicios de la Sociedad de la Informaci\u00f3n y de Comercio Electr\u00f3nico, procedemos a cumplir con el deber de Informaci\u00f3n General en relaci\u00f3n con la prestaci\u00f3n de servicios o suministro de informaci\u00f3n a trav\u00e9s del dominio www.nueva.amautores.com<\/p>\n<p style=\"text-align: justify;\"><strong>Autores de M\u00fasica Asociados<\/strong><\/p>\n<p style=\"text-align: justify;\">Hacienda de Pavones, 197 Local planta baja<\/p>\n<p style=\"text-align: justify;\">28030 MADRID<\/p>\n<p style=\"text-align: justify;\">E-mail: amautores@gmail.com<\/p>\n<p style=\"text-align: justify;\">N\u00famero Identificaci\u00f3n Fiscal: G86315355<\/p>\n<p style=\"text-align: justify;\"><strong>OBJETO<\/strong><\/p>\n<p style=\"text-align: justify;\">Las presentes condiciones generales de acceso (las \u201cCondiciones de Acceso\u201d) regulan el acceso y uso por parte de cualquier persona (el \u201cusuario\u201d) de las p\u00e1ginas que integran el(los) dominio(s) web (la \u201cp\u00e1gina web\u201d):\u00a0\u00a0<strong>www.nueva.amautores.com\u00a0<\/strong>propiedad de [ Autores de M\u00fasica Asociados], as\u00ed como los contenidos y servicios que en ella se incluyen.<\/p>\n<p style=\"text-align: justify;\">El acceso a esta p\u00e1gina web o su uso por el usuario implica necesariamente, y sin reservas, el sometimiento y aceptaci\u00f3n de las Condiciones de Acceso. Por tanto, se recomienda que el usuario las lea de forma atenta y detenida cada vez que quiera entrar en la p\u00e1gina web de [ Autores de M\u00fasica Asociados].<\/p>\n<p style=\"text-align: justify;\">[ Autores de M\u00fasica Asociados] se reserva la facultad de realizar, en cualquier momento y sin necesidad de preaviso alguno, cualquier modificaci\u00f3n o actualizaci\u00f3n de los contenidos y servicios, de las Condiciones de Acceso y, en general, de cuantos elementos integren el dise\u00f1o y configuraci\u00f3n de su p\u00e1gina web.<\/p>\n<p style=\"text-align: justify;\"><strong>ACCESO A LA P\u00c1GINA WEB<\/strong><\/p>\n<p style=\"text-align: justify;\">El usuario accede a la p\u00e1gina web bajo su exclusiva responsabilidad. Los contenidos y servicios tienen como finalidad exclusiva la difusi\u00f3n de informaci\u00f3n acerca de las actividades desarrolladas por [ Autores de M\u00fasica Asociados]. Los contenidos de la p\u00e1gina web no podr\u00e1n considerarse en ning\u00fan caso asesoramiento jur\u00eddico sobre ninguna cuesti\u00f3n.<\/p>\n<p style=\"text-align: justify;\">[ Autores de M\u00fasica Asociados] pondr\u00e1 los medios razonables a su disposici\u00f3n para que los contenidos y servicios incluidos en su p\u00e1gina web sean exactos y est\u00e9n actualizados. No obstante, [ Autores de M\u00fasica Asociados] no est\u00e1 en condiciones de poder garantizar esta circunstancia en todo momento.<\/p>\n<p style=\"text-align: justify;\">Dado que el usuario puede descargar determinados contenidos de la p\u00e1gina web, [ Autores de M\u00fasica Asociados] dispone de la infraestructura necesaria para evitar da\u00f1os derivados de la existencia de virus inform\u00e1ticos. Nuestro sistema antivirus es razonablemente seguro y se va actualizando con las novedades que el proveedor de servicios pone a nuestra disposici\u00f3n. Por todo ello, [ Autores de M\u00fasica Asociados] no se hace responsable de los potenciales da\u00f1os o errores que, debidos a la presencia de cualquier virus, pueda sufrir el sistema inform\u00e1tico (hardware o software) del usuario cuando \u00e9ste acceda a la p\u00e1gina web o la utilice.<\/p>\n<p style=\"text-align: justify;\">Igualmente, [ Autores de M\u00fasica Asociados] informar\u00e1 al usuario acerca de las especificaciones t\u00e9cnicas necesarias para proceder a la descarga de informaci\u00f3n y contenidos de su p\u00e1gina web. Se ruega al usuario que preste atenci\u00f3n a estos mensajes de aviso ya que [ Autores de M\u00fasica Asociados] no se responsabiliza de los da\u00f1os y perjuicios que puedan sufrir los equipos inform\u00e1ticos del usuario porque \u00e9ste haya usado de forma indebida o negligente la p\u00e1gina web.<\/p>\n<p style=\"text-align: justify;\"><strong>ACCESO A LOS CONTENIDOS DEL TALLER DE SONGWRITING<\/strong><\/p>\n<p style=\"text-align: justify;\">El acceso a los contenidos del <em>Taller de Songwriting: Escribiendo Canciones<\/em> est\u00e1 reservado a los Socios de AMA, tanto los de Pleno Derecho como los Socios Colaboradores. No obstante, dicho acceso est\u00e1 condicionado al cumplimiento de los requisitos expuestos en la convocatoria de dicho Taller, as\u00ed como a la aceptaci\u00f3n expresa de estas Condiciones Generales.<\/p>\n<p style=\"text-align: justify;\"><strong>PROPIEDAD INTELECTUAL Y PROPIEDAD INDUSTRIAL<\/strong><\/p>\n<p style=\"text-align: justify;\">Los derechos de propiedad intelectual e industrial sobre los contenidos de la p\u00e1gina web corresponden en exclusiva a [ Autores de M\u00fasica Asociados], salvo que se especifique lo contrario. Autores de M\u00fasica Asociados, no obstante, permite al usuario reproducir, distribuir, comunicar p\u00fablicamente (incluido el derecho de puesta a disposici\u00f3n), transformar, coleccionar y, de cualquier otro modo, difundir los contenidos aparecidos en la p\u00e1gina web,\u00a0 con el \u00fanico requisito de citar la fuente.<\/p>\n<p style=\"text-align: justify;\"><strong>PROTECCI\u00d3N DE DATOS PERSONALES<\/strong><\/p>\n<p style=\"text-align: justify;\">El acceso a la p\u00e1gina web o su uso no implica una recogida de datos personales del usuario por parte de [ Autores de M\u00fasica Asociados]. No obstante, se comunica que, en el caso de que [ Autores de M\u00fasica Asociados] solicite datos personales, se informar\u00e1 debidamente al usuario conforme a lo establecido en la Ley Org\u00e1nica 15\/1999, de 13 de diciembre, de Protecci\u00f3n de Datos de Car\u00e1cter Personal.<\/p>\n<p style=\"text-align: justify;\">Asimismo, se informa de que al acceder a la p\u00e1gina web o utilizarla, [ Autores de M\u00fasica Asociados] est\u00e1 en disposici\u00f3n de poder obtener los siguientes datos personales del usuario: su tipo de navegador de Internet y sistema operativo, la direcci\u00f3n IP desde la que se conecta el usuario y la fecha y hora de conexi\u00f3n. Como algunos de tales datos le pueden llegar a identificar, se le informa de que ser\u00e1n tratados por [ Autores de M\u00fasica Asociados] con la finalidad \u00fanica y exclusiva de perfeccionar su conexi\u00f3n a la p\u00e1gina web. Respecto al tratamiento de datos personales, se ruega consultar nuestra pol\u00edtica de privacidad.<\/p>\n<p style=\"text-align: justify;\"><strong>ENLACES<\/strong><\/p>\n<p style=\"text-align: justify;\">[ Autores de M\u00fasica Asociados] desea aclarar que los Enlaces a p\u00e1ginas web de terceros que contenga la p\u00e1gina web tienen \u00fanicamente una finalidad orientativa, siendo su objeto el poner a disposici\u00f3n del usuario otras fuentes de informaci\u00f3n que pudieran ser de su inter\u00e9s.<\/p>\n<p style=\"text-align: justify;\">[ Autores de M\u00fasica Asociados] revisa el contenido que se ofrece en los Enlaces con regularidad. No obstante, es imposible conocer exactamente y en todo momento cu\u00e1l es el contenido concreto de todo enlace. Por ello se ruega que, en el caso de que cualquier usuario o tercero observe que tales Enlaces puedan ser contrarios a las leyes, la moral o el orden p\u00fablico, o que sean susceptibles de incitar a la violencia o a la discriminaci\u00f3n por razones sexuales, ideol\u00f3gicas, religiosas o raciales, lo ponga en nuestro conocimiento a trav\u00e9s de la direcci\u00f3n de correo amautores@gmail.com<\/p>\n<p style=\"text-align: justify;\">Al margen de lo dispuesto legalmente, [ Autores de M\u00fasica Asociados] declina cualquier responsabilidad en relaci\u00f3n con los contenidos de los enlaces o con los da\u00f1os o errores que, por cualquier virus presente al acceder a dichos enlaces o al utilizarlos, puedan sufrir los sistemas inform\u00e1ticos (hardware y software) del usuario.<\/p>\n<p style=\"text-align: justify;\"><strong>LEGISLACI\u00d3N Y JURISDICCI\u00d3N APLICABLE<\/strong><\/p>\n<p style=\"text-align: justify;\">Las presentes Condiciones de Acceso quedan sujetas al ordenamiento jur\u00eddico espa\u00f1ol.<\/p>\n<p style=\"text-align: justify;\">Para la resoluci\u00f3n de cualquier conflicto que pudiera derivarse del acceso a la p\u00e1gina web, el usuario y [ Autores de M\u00fasica Asociados] acuerdan someterse expresamente a los juzgados y tribunales de la ciudad de Madrid, con renuncia a cualquier otro fuero general o especial que les pudiera corresponder.<\/p>\n<p style=\"text-align: justify;\">\n","protected":false},"excerpt":{"rendered":"<p>CONDICIONES GENERALES De acuerdo con lo establecido en el art\u00edculo 10 de la Ley 34\/2002, de 11 de julio, de Servicios de la Sociedad de la Informaci\u00f3n y de Comercio Electr\u00f3nico, procedemos a cumplir con el deber de Informaci\u00f3n General en relaci\u00f3n con la prestaci\u00f3n de servicios o suministro de informaci\u00f3n a trav\u00e9s del dominio [&hellip;]<\/p>\n","protected":false},"author":4,"featured_media":0,"parent":0,"menu_order":0,"comment_status":"closed","ping_status":"closed","template":"","meta":{"_acf_changed":false,"footnotes":""},"class_list":["post-2045","page","type-page","status-publish","hentry"],"acf":[],"_links":{"self":[{"href":"https:\/\/nueva.amautores.com\/index.php?rest_route=\/wp\/v2\/pages\/2045","targetHints":{"allow":["GET"]}}],"collection":[{"href":"https:\/\/nueva.amautores.com\/index.php?rest_route=\/wp\/v2\/pages"}],"about":[{"href":"https:\/\/nueva.amautores.com\/index.php?rest_route=\/wp\/v2\/types\/page"}],"author":[{"embeddable":true,"href":"https:\/\/nueva.amautores.com\/index.php?rest_route=\/wp\/v2\/users\/4"}],"replies":[{"embeddable":true,"href":"https:\/\/nueva.amautores.com\/index.php?rest_route=%2Fwp%2Fv2%2Fcomments&post=2045"}],"version-history":[{"count":3,"href":"https:\/\/nueva.amautores.com\/index.php?rest_route=\/wp\/v2\/pages\/2045\/revisions"}],"predecessor-version":[{"id":3051,"href":"https:\/\/nueva.amautores.com\/index.php?rest_route=\/wp\/v2\/pages\/2045\/revisions\/3051"}],"wp:attachment":[{"href":"https:\/\/nueva.amautores.com\/index.php?rest_route=%2Fwp%2Fv2%2Fmedia&parent=2045"}],"curies":[{"name":"wp","href":"https:\/\/api.w.org\/{rel}","templated":true}]}}